visor of 31 and o.
31
Let n be 32/(-6)*297/(-6). Suppose -6*u - 160 + 304 = 0. What is the greatest common divisor of u and n?
24
Suppose -2*k - 32 = -f - f, 3*f = -3*k + 30. Suppose 2*l + 15 + 25 = 0. Let u = l - -85. Calculate the greatest common factor of u and f.
13
Let j be -8 + 12 - 53/(-1). Calculate the greatest common divisor of j and 342.
57
Let p(n) = n**3 + 6*n**2 + 4*n + 4. Suppose -38 = 5*d + 117. Let z = d + 26. Let x be p(z). What is the greatest common divisor of x and 9?
9
Suppose 28*j - 41*j + 1547 = 0. Calculate the greatest common factor of j and 17.
17
Suppose -4*x - 2*o = -16, -2*x + 3 = x - 3*o. Let b be -3 + 5 - 5 - -15. Calculate the highest common divisor of x and b.
3
Suppose -3 = -2*k + 5. Suppose k*y + 41 = 69. What is the highest common divisor of y and 63?
7
Suppose -b = 9*u - 11*u - 2074, 3*u = -b + 2059. Calculate the highest common divisor of 94 and b.
94
Let q be (1 - (2 - 2)) + 18. Let l = -599 + 675. What is the greatest common factor of q and l?
19
Let a be (-6)/((0 + 1)*-2). Suppose i - 120 = 11*i. Let v be (81/(-6))/(6/i). What is the greatest common factor of v and a?
3
Let n be 9*((-8)/(-6) + -1). Let z(x) = x**3 - 6. Let j be z(6). Let q be ((-12)/(-3) - n)*j. What is the highest common factor of 21 and q?
21
Let h = 50 - 23. Suppose -5*u - h = -142. What is the greatest common divisor of 23 and u?
23
Let v(y) = y - 10. Let c be v(13). Suppose 0 = -2*m + 2*k + 16, -7*m + c*m + 7 = k. Let p = m + 0. What is the greatest common factor of p and 24?
3
Let u be (-4962)/(-4) - 160/(-64). What is the greatest common factor of 339 and u?
113
Let u(h) = -31*h**2 - 6*h - 9. Let s be u(-2). Let x be (-8)/(-6) + -1 + s/(-33). Calculate the highest common divisor of x and 8.
4
Let y = 5 + -58. Let k(h) = h**2 + 15*h + 10. Let f be k(-11). Let w = f - y. Calculate the greatest common divisor of w and 19.
19
Let o = -1871 + 2396. Calculate the highest common factor of o and 315.
105
Let z(y) = y**2 + 6*y + 4. Let f be z(-8). Suppose f - 196 = -2*x. Let l be 22 + 0*2/(-4). Calculate the highest common divisor of l and x.
22
Let g(v) = -v + 11. Let b be g(9). Let i = 16 + -6. Calculate the highest common divisor of b and i.
2
Suppose 2 = -5*z + 52. Suppose 2*l + z = 0, -u - 5*l - 4 = 5. What is the highest common factor of u and 2?
2
Let s(l) = 2*l + 44 - 44. Let f be s(6). Calculate the greatest common factor of f and 108.
12
Suppose -54*d = -47894 + 11390. What is the greatest common divisor of d and 52?
52
Suppose 7*h - 360 = 2*h. Let a(p) be the first derivative of -p**3/3 - 13*p**2/2 - 13*p - 3. Let x be a(-11). Calculate the highest common factor of x and h.
9
Let f = -10 + 13. Suppose 0 = 2*k - f*u - 16, -5*k - 8 = -6*k + 5*u. Let j be 228/1026 - ((-1148)/(-18))/(-1). What is the greatest common divisor of j and k?
8
Let r(q) = 120*q**2 - 3*q - 3. Let c = 64 - 65. Let g be r(c). What is the greatest common divisor of 48 and g?
24
Let l be -30*1/(-1*9/3). Let t(j) = 3*j**3 + 3*j**2 - 4*j + 2. Let a be t(2). Calculate the highest common factor of a and l.
10
Let z = -47 + 23. Let h be (-6)/z + 23/4. Suppose 29 = r - 37. What is the greatest common factor of h and r?
6
Suppose -1302 = -46*v + 15*v. Calculate the greatest common factor of 21 and v.
21
Let l(q) = 7*q**3 - 2*q - 1. Let h be 6 + -4 - (2 + 1). Let w be l(h). Let m = w + 22. Calculate the greatest common divisor of 8 and m.
8
Suppose 21*w - 4320 = -39*w. Calculate the greatest common factor of 312 and w.
24
Suppose 13*v + 24 = 76. What is the highest common divisor of v and 30?
2
Let n(r) = r**2 - 5*r - 10. Let u be n(-3). Calculate the greatest common divisor of 490 and u.
14
Suppose -5*r + 254 = -26. Calculate the highest common factor of r and 14.
14
Let r be (-2)/5 - (-132)/5. Suppose -382*k + 368*k = -910. Calculate the highest common factor of k and r.
13
Suppose -36*d + 2296 + 8540 = 0. Calculate the highest common divisor of 43 and d.
43
Suppose -34 = -k - 5. Suppose f = -2*z + k, 3*z + 24 = -0*f + f. Calculate the highest common divisor of 27 and f.
27
Suppose 4*f - 56 = f - 4*p, 0 = -5*p + 10. Suppose 0 = 3*c + k - f, -4*c - 3*k = -7*k. What is the greatest common factor of 16 and c?
4
Let w(s) = 4*s**2 + 3*s + 2. Let o be 2/(-4)*(-4)/(-1). Let z be w(o). What is the highest common divisor of z and 132?
12
Let l = 252 - 122. What is the greatest common divisor of l and 39?
13
Let c(j) = -j - 5. Let o be c(-6). Let b(v) = 14*v**2 + 0 + 0 - o. Let h be b(-1). What is the greatest common factor of 52 and h?
13
Let m = 18 - -19. Let q = m + -23. Suppose 3*n - 59 = 4. What is the greatest common factor of q and n?
7
Suppose 54*o - 111*o + 2850 = 0. Calculate the greatest common factor of o and 150.
50
Let f = 485 - 457. Let n be 4/(-2)*(-2 + -5). Calculate the highest common factor of f and n.
14
Let o be 4*((-66)/24 - -4). Suppose -3*m + 1 = b - 9, -o*m + 24 = -2*b. What is the highest common factor of m and 36?
4
Suppose -2*v + 1276 - 1232 = 0. Suppose 2*u = 3*u - 55. Calculate the highest common divisor of u and v.
11
Suppose 5*h - 1874 = -r, 405 = 5*h + 2*r - 1468. Calculate the greatest common factor of h and 225.
75
Let g(p) = 2*p**2 + 24*p + 7. Let a be g(-16). Suppose -a = -2*h + h. What is the greatest common divisor of h and 15?
15
Suppose 3*x - 5*g = -6*g + 898, -2*g = -x + 304. Calculate the greatest common factor of x and 36.
12
Let g be (-2)/(-8)*(-20)/(3 - 8). Let r be (g + (-21)/(-9))*(-48)/(-40). Calculate the highest common factor of r and 18.
2
Let l = 79 + -24. Let t = 111 - l. What is the highest common divisor of t and 8?
8
Let i be (3/4)/((-3)/12). Let f = i + 14. Suppose -2*s = 2*b - 106, 3*s + 2*s = -3*b + 155. What is the greatest common divisor of f and b?
11
Let k be 5/40 - (-850)/(-16). Let u = 117 + k. What is the greatest common divisor of u and 96?
32
Let i = 652 - 649. What is the greatest common factor of 144 and i?
3
Suppose 0 = c - 7 - 6. Let t = 8 - c. Let b = t + 11. Calculate the highest common factor of 4 and b.
2
Let m = 241 - 239. What is the greatest common divisor of m and 2?
2
Let y be 89 + (2 + 0 - 30/5). What is the highest common factor of y and 1955?
85
Let a be (-13205)/(-133) + -19 - (-2)/(-7). Calculate the greatest common factor of 170 and a.
10
Suppose 11*i - 124 = -36. What is the highest common divisor of 512 and i?
8
Suppose 0 = -5*v - 81 - 19. Let x = -10 - v. Calculate the highest common divisor of x and 50.
10
Let r be (-13 + 10)*1/3 - -8. Suppose -693 = -r*l - 0*l. Calculate the highest common divisor of 9 and l.
9
Let u(i) = -i**2 - 9*i - 11. Let t be u(-6). Suppose -6*f = r - f - 13, -r = -f - t. Let y = -37 + 41. What is the greatest common divisor of y and r?
4
Suppose -5*p = -5, -2*n - 2*p = -0*p - 10. Suppose -1 = -l + n. Let c(d) = 14*d - 4. Let u be c(l). What is the greatest common divisor of 6 and u?
6
Let h(r) be the second derivative of 5/2*r**3 - 6*r + 0 + 1/20*r**5 - 13/12*r**4 - 6*r**2. Let y be h(12). Calculate the greatest common divisor of 168 and y.
24
Suppose 4*a = 5*s + 7, 3*s = -2*s - 2*a + 11. Let q(w) = w**3 - 17 + 3*w - 8*w + 8*w + 7*w**2. Let l be q(-6). What is the greatest common factor of s and l?
1
Suppose -3*g - 2 = -u, 4*u - 2*u - 20 = -2*g. Let o be 2 + -3 + (-60)/u*-6. Calculate the highest common divisor of o and 66.
22
Let t(i) = -8*i + 64. Let k(d) = 20*d - 160. Let v(a) = 5*k(a) + 12*t(a). Let s be v(14). Calculate the greatest common factor of 8 and s.
8
Let j be (-10)/(-4)*32/80 + 98. Calculate the highest common factor of j and 54.
9
Let l(y) = 15*y + 39. Suppose 3*h = 4*o - 57, -4*o = -6*o - 2*h + 32. Let r be l(o). What is the greatest common factor of 24 and r?
24
Let r be (15/(-6))/(((-7)/2)/7). Calculate the greatest common factor of 40 and r.
5
Let i(k) = -k**2 - 5*k - 51. Let x(f) = -f - 10. Let o(q) = -2*i(q) + 11*x(q). Let a be o(8). What is the greatest common divisor of 14 and a?
14
Suppose -5*q - 195 = -3*v, 0*q - 2*q = 5*v + 78. Let w = -20 - q. Calculate the highest common factor of w and 95.
19
Suppose -4*y = -y + 5*w - 140, -2*y + w + 89 = 0. Let n = 1 - 18. Let b = 26 + n. What is the highest common divisor of y and b?
9
Let v be (4 - 5/5)/1. Let m be (1/2)/((-2)/(-8)). Suppose -5*x + m*x = -18. Calculate the greatest common 